est common divisor of 11280 and 20?
20
Calculate the highest common factor of 73 and 876.
73
Calculate the greatest common factor of 357 and 153.
51
What is the highest common divisor of 119 and 17?
17
Calculate the greatest common divisor of 154 and 1309.
77
Calculate the highest common factor of 122 and 6466.
122
What is the greatest common divisor of 240 and 45?
15
Calculate the greatest common factor of 7428 and 48.
12
What is the highest common divisor of 1356 and 28024?
452
What is the highest common divisor of 928 and 29?
29
What is the greatest common factor of 187 and 22?
11
What is the greatest common divisor of 2559 and 3?
3
Calculate the highest common factor of 68 and 578.
34
Calculate the highest common factor of 41 and 1312.
41
Calculate the greatest common factor of 63639 and 27.
27
Calculate the highest common divisor of 2 and 178.
2
Calculate the greatest common divisor of 470 and 1070.
10
Calculate the greatest common divisor of 1 and 27.
1
What is the greatest common factor of 616 and 231?
77
What is the highest common factor of 312 and 12584?
104
Calculate the greatest common factor of 910 and 210.
70
What is the greatest common divisor of 147 and 231?
21
Calculate the highest common factor of 840 and 45.
15
What is the greatest common divisor of 44 and 121?
11
Calculate the greatest common factor of 2134 and 776.
194
Calculate the greatest common factor of 78 and 174.
6
Calculate the highest common factor of 1386 and 4914.
126
Calculate the greatest common divisor of 161 and 115.
23
What is the highest common divisor of 2625 and 63?
21
Calculate the highest common factor of 176 and 55.
11
Calculate the highest common factor of 304 and 19.
19
Calculate the greatest common divisor of 88575 and 25.
25
What is the highest common factor of 1330 and 1050?
70
Calculate the greatest common factor of 33 and 957.
33
What is the greatest common divisor of 425 and 375?
25
What is the greatest common divisor of 975 and 50?
25
What is the greatest common factor of 1090 and 109?
109
What is the greatest common factor of 28 and 112?
28
What is the greatest common factor of 690 and 60?
30
What is the highest common divisor of 546 and 42?
42
What is the greatest common factor of 50 and 725?
25
What is the greatest common factor of 225 and 81?
9
Calculate the greatest common factor of 72 and 99.
9
What is the greatest common factor of 16 and 1256?
8
What is the highest common divisor of 20 and 50?
10
Calculate the highest common divisor of 28 and 217.
7
Calculate the greatest common factor of 704 and 110.
22
Calculate the highest common factor of 1045 and 880.
55
Calculate the greatest common factor of 493 and 17.
17
What is the highest common factor of 972 and 144?
36
What is the highest common divisor of 119 and 49?
7
What is the highest common divisor of 44 and 5522?
22
Calculate the highest common factor of 954 and 6.
6
What is the greatest common divisor of 62 and 6634?
62
Calculate the greatest common divisor of 1 and 31.
1
Calculate the highest common factor of 4 and 318.
2
Calculate the greatest common factor of 19 and 289.
1
Calculate the highest common factor of 96 and 320.
32
What is the greatest common factor of 406 and 928?
58
What is the greatest common divisor of 460 and 30?
10
Calculate the highest common factor of 120 and 8.
8
Calculate the greatest common factor of 621 and 552.
69
Calculate the greatest common factor of 603 and 18.
9
What is the highest common divisor of 3405 and 15?
15
What is the greatest common divisor of 272 and 1232?
16
Calculate the highest common divisor of 1188 and 72.
36
What is the greatest common factor of 31 and 4309?
31
What is the highest common factor of 584 and 17666?
146
Calculate the highest common factor of 76 and 513.
19
Calculate the highest common divisor of 45 and 210.
15
What is the highest common divisor of 1152 and 108?
36
What is the highest common divisor of 36 and 8?
4
What is the highest common factor of 18 and 27?
9
What is the greatest common divisor of 834 and 3?
3
Calculate the greatest common factor of 55 and 45.
5
Calculate the greatest common divisor of 20 and 5260.
20
What is the highest common divisor of 30 and 48?
6
Calculate the highest common factor of 1025 and 35.
5
What is the greatest common divisor of 455 and 35?
35
What is the greatest common divisor of 42 and 273?
21
What is the greatest common divisor of 9020 and 656?
164
What is the greatest common divisor of 96 and 96?
96
What is the greatest common divisor of 85 and 527?
17
Calculate the highest common divisor of 1603 and 21.
7
What is the greatest common factor of 754 and 52?
26
What is the greatest common factor of 875 and 40?
5
What is the greatest common divisor of 117 and 1962?
9
Calculate the highest common factor of 192 and 12.
12
What is the highest common factor of 22 and 1342?
22
Calculate the highest common factor of 29 and 3.
1
What is the greatest common divisor of 775 and 62?
31
What is the greatest common divisor of 198 and 110?
22
What is the greatest common factor of 21972 and 12?
12
Calculate the highest common factor of 555 and 105.
15
What is the greatest common factor of 1056 and 2928?
48
What is the greatest common factor of 36 and 3123?
9
What is the greatest common factor of 280 and 60?
20
What is the greatest common divisor of 960 and 15?
15
Calculate the highest common factor of 78 and 390.
78
Calculate the greatest common divisor of 18 and 162.
18
Calculate the highest common divisor of 760 and 20140.
380
Calculate the greatest common divisor of 425 and 170.
85
What is the highest common factor of 208 and 26?
26
Calculate the highest common divisor of 6 and 942.
6
What is the highest common divisor of 483 and 138?
69
What is the highest common factor of 165 and 615?
15
Calculate the highest common divisor of 120 and 6330.
30
What is the greatest common factor of 32 and 136?
8
Calculate the greatest common divisor of 176 and 4136.
88
Calculate the greatest common divisor of 5742 and 11.
11
What is the highest common factor of 6 and 102?
6
What is the highest common factor of 1118 and 26?
26
Calculate the highest common divisor of 12 and 204.
12
What is the highest common divisor of 28 and 8?
4
What is the highest common divisor of 36 and 32?
4
Calculate the greatest common factor of 612 and 180.
36
What is the greatest common divisor of 60 and 12?
12
What is the highest common divisor of 7 and 49?
7
Calculate the highest common divisor of 15 and 15.
15
Calculate the highest common factor of 434 and 1116.
62
Calculate the highest common divisor of 34275 and 375.
75
Calculate the highest common divisor of 9 and 174.
3
Calculate the greatest common factor of 350 and 154.
14
Calculate the greatest common divisor of 135 and 1290.
15
Calculate the greatest common divisor of 219 and 6643.
73
Calculate the greatest common factor of 645 and 75.
15
Calculate the greatest common factor of 5605 and 95.
95
What is the greatest common divisor of 608 and 494?
38
Calculate the greatest common factor of 13 and 361.
1
What is the greatest common factor of 91 and 65?
13
What is the highest common factor of 120 and 104?
8
What is the greatest common factor of 670 and 67?
67
Calculate the highest common divisor of 3276 and 126.
126
What is the highest common factor of 215 and 5?
5
What is the highest common factor of 60 and 60?
60
What is the greatest common divisor of 175 and 50?
25
What is the greatest common factor of 1008 and 189?
63
What is the greatest common factor of 189 and 81?
27
Calculate the greatest common divisor of 12 and 604.
4
What is the highest common divisor of 24 and 176?
8
Calculate the greatest common factor of 1308 and 84.
12
What is the highest common factor of 730 and 511?
73
Calculate the greatest common factor of 8 and 136.
8
Calculate the greatest common factor of 3808 and 48.
16
Calculate the greatest common factor of 14 and 497.
7
Calculate the greatest common factor of 1885 and 493.
29
What is the highest common factor of 636 and 3392?
212
Calculate the greatest common factor of 917 and 28.
7
Calculate the greatest common factor of 204 and 2244.
204
Calculate the highest common divisor of 9 and 168.
3
Calculate the highest common divisor of 14317 and 139.
139
Calc